. Let z(p) = 1 + 4*p - p + p**l + p. Determine z(m).
6
Let v(r) = -2*r + 1. Let l(k) be the first derivative of k**2 - k - 1. Let y(b) = 5*l(b) + 6*v(b). Let t = -3 + 2. Determine y(t).
3
Let f be ((-2)/(-3))/((-14)/(-3) + -5). Let l(r) = -r**3 + r - 2. Determine l(f).
4
Let y(i) = -3*i - 4 + 2*i + 0*i - 2*i. Determine y(4).
-16
Let z(h) = 2*h**3 - 9*h**2 + 4. Let t(a) = -a**3 + 4*a**2 - 2. Let f(b) = -7*t(b) - 3*z(b). Let w be (-6)/(-14) - (-3)/(-7). Give f(w).
2
Let r(a) = a**3 + a**2 - 2*a + 4. Let k(m) = -m**2 + m. Let i(w) = 2*k(w) + r(w). Let y(z) = z**2 + 2*z + 1. Let o be y(-3). Suppose 0 = x + o*x. What is i(x)?
4
Let y = 35 - 41. Let f(q) = q**3 + 7*q**2 + 4*q - 2. Give f(y).
10
Let z(d) be the second derivative of d**6/240 + d**5/40 + 5*d**4/12 + 5*d. Let g(u) be the third derivative of z(u). Give g(-4).
-9
Suppose -4*h - 5*m = -7, 4 = 5*h - 4*h + 2*m. Let o(g) = 2*g + 3. Calculate o(h).
-1
Suppose -40 = -4*j - 8. Suppose -2*p = j, -4*l = -l - 4*p - 28. Let i(c) = -c + 1. Calculate i(l).
-3
Let p(u) = -u**3 - u**2 - u + 3. Let f = 0 + 5. Suppose -20 = 3*t + f*l, -l - 20 = 2*t + 4*l. Calculate p(t).
3
Suppose y = 3*w + 5*y - 4, -y = 2*w - 6. Let l(g) = -g**2 + 5. Calculate l(w).
-11
Let p(l) = -l + 1. Let h be p(4). Let f be 0/3 + (-10)/(-2). Let j = f + h. Let o(u) = -u**2. Give o(j).
-4
Let g be ((-1)/(-3))/(1/18). Let a be 3/(-9) - 4/g. Let z(f) = -6*f**3 + f + 1. What is z(a)?
6
Let u(d) = d**2 - 3*d + 4. Suppose -5*q - 23 = -m - 2*m, 0 = 5*m - 5. Let i be (q/(-8))/(3/24). Give u(i).
8
Let g(t) = t**2 - 5*t - 6. Let s be g(6). Suppose -n = 3*n - 2*c - 20, -5*n + 23 = -2*c. Let w(v) = v + 0*v**2 - 3*v**n + v**2 + 4*v**3. Determine w(s).
0
Let i(y) = 7*y**2 + 8*y - 11. Let n(t) = t**2 + t - 1. Let q(g) = -i(g) + 6*n(g). What is q(-4)?
-3
Let g(i) = i. Let f(y) = 3*y - 5. Let w(u) = f(u) - 4*g(u). Calculate w(5).
-10
Suppose 3*f + 61 = 2*v, 5*f - 4*v = -3*v - 97. Let n = f + 24. Let a(l) = l + 1. Determine a(n).
6
Let l(w) = -2*w**2 - w + 1. Suppose 0 = -5*i - 6 - 4. Calculate l(i).
-5
Let n(l) be the third derivative of 0*l + 0 - l**2 - 1/24*l**4 + 1/6*l**3. Let m = 2 + -2. Give n(m).
1
Suppose 5*o + 1 + 4 = 0. Let s(n) = 6 - 3*n**2 + n - 11 + 6 + 0*n. Determine s(o).
-3
Let z(j) be the first derivative of j**3/3 + 5*j**2/2 + 3*j - 2. Let h(x) = -x**3 + x**2 + 5*x. Let w be 2 + -2 + 3 + 0. Let p be h(w). Calculate z(p).
-3
Let n(c) be the second derivative of -c**3/6 + 5*c**2/2 - c - 4. Let v = 2 - -3. Suppose 0 = z + 5*l - 25, l - v = -1. Give n(z).
0
Let h(q) = q**2 - 5*q - 8. Suppose 5*v = 2*v. Suppose 0 = -3*l + i - 32, 0 = -v*i + i + 4. Let t = -6 - l. What is h(t)?
-2
Let c(z) = -z**3 + 8*z**2 - 2. Let w(o) = o**3 - 7*o**2 + o + 3. Let x(i) = -2*c(i) - 3*w(i). Let y(p) = -p + 4. Let k be y(0). Determine x(k).
-1
Let x(d) be the first derivative of -20*d**3/3 + 21*d**2/2 + 21*d + 3. Let n(y) = 7*y**2 - 7*y - 7. Let b(j) = -17*n(j) - 6*x(j). What is b(7)?
-7
Suppose -6*s = -s - 20. Let f be 2/s + (-4)/8. Let x be (f/(-5))/((-2)/(-1)). Let b(o) = -o - 7. Give b(x).
-7
Let g(o) = -1. Let h(s) be the third derivative of s**4/12 - 7*s**3/6 - 2*s**2. Let a(y) = -3*g(y) + h(y). Determine a(4).
4
Let h(q) be the second derivative of -q**3/2 + 3*q**2/2 + 2*q. Let c(b) = b - 4. Let w be c(6). What is h(w)?
-3
Let j be 4/14 - 8/28. Let o(w) = w - 7. Give o(j).
-7
Let m(w) = -37 + 0*w - 2*w + 33. What is m(4)?
-12
Suppose -4*c + 9*c - t + 1 = 0, 3*t = -c - 13. Let k(y) = -y - 1. Let r(i) = 4*i + 9. Let l(d) = c*r(d) - 5*k(d). Determine l(0).
-4
Let w = 8 - 3. Let b(r) = 1 + 6*r + 7*r**2 + 1 + r. Let x(g) = 8*g**2 + 8*g + 2. Let c(o) = w*x(o) - 6*b(o). What is c(-2)?
-6
Let r(b) = -b**2 - 3*b - 5. Suppose -3*m = -6*m + 15. Suppose -l + 2*l = m. Suppose -7 = l*h + 13. Calculate r(h).
-9
Let w = -21 - -22. Let t(i) = -2 - 2*i - i - w. What is t(-3)?
6
Let g(s) = -5*s**2 - 1. Suppose 0 = -4*u + 6 + 2. Suppose 7*j - 2*j = 5, 0 = -u*f + 4*j - 4. Suppose k - 2*k + 1 = f. Determine g(k).
-6
Let q(u) = 3*u**2 - 12*u. Let c(b) = -b**2 + b + 1. Let l(r) = 4*c(r) + q(r). Determine l(-6).
16
Let q = -273 - -272. Suppose 0*w + w - 2 = 0. Let d(p) = 6*p**3 + 2*p**2 - 1 - 2*p**w. Determine d(q).
-7
Let x = -35 + 17. Let s = x - -13. Let k(f) = 7*f + 2. Let v(b) = 6*b + 2. Let g(n) = 5*k(n) - 6*v(n). What is g(s)?
3
Let m(h) = -3*h**2 - 33 - 5*h**3 + h + 36 + 6*h**3. What is m(3)?
6
Let l = -88 - -93. Let f(d) = d**2 - 3*d - 6. Calculate f(l).
4
Let n be (-1)/2 + 42/4. Let c be (n/(-4) + 2)*-12. Let d(a) = -a - a + a - c. What is d(-3)?
-3
Let g be 12/(-8) - (-78)/4. Let p(q) = q**2 - 11*q + 24*q - g*q. Determine p(6).
6
Suppose 9*f - 145 = -20*f. Let u(i) = 0*i + i + 0*i + 1. Give u(f).
6
Suppose -11 = -2*v + 5. Let q = -1 - v. Let l(b) = b**3 + 9*b**2 + 1. Let k be l(q). Let x(u) = u**3 - u**2 - u. Determine x(k).
-1
Let b(y) = -y**2 - 2 - 2*y + 4 + y. Let n be b(0). Suppose -n*l + 4 = -0*l. Let w(s) = 4*s - 1. Give w(l).
7
Let k(t) = 3*t**3 + 5*t**2 - 3*t**2 - 1 - 6*t**3. Let r(n) = -n**3 - n**2 + 3*n - 2. Let j be r(-3). Let f = j - 6. What is k(f)?
-2
Let b(m) = -m**3 + 4*m**2 - m + 5. Let p be b(4). Let j(f) = 1. Let c(q) = 2*q + 6. Let u(o) = p*c(o) - 4*j(o). Let w be ((-2)/(-3))/((-3)/18). What is u(w)?
-6
Suppose -2*t = 5*s - 16, -s + 5*s - 11 = -t. Let o(q) = -q - 10. Let a(w) = 0*w + 9 + 2*w + 3*w - 4*w. Let v(f) = 7*a(f) + 6*o(f). Determine v(t).
6
Let c(w) = -2*w - 2. Let v(t) = -5*t - 6. Let x(l) = 11*c(l) - 4*v(l). Suppose -40 = -5*z - 3*d, 2*z + 3*d = 7*d + 16. Suppose z = -0*s + 2*s. What is x(s)?
-6
Let p be ((-18)/15)/(2/(-5)). Suppose -t + p = -1. Let m(l) = t - 4*l**2 - 1 + 5*l**2 - 6*l. What is m(4)?
-5
Let h(c) be the second derivative of c**5/20 + c**4/6 + c**3/2 - 10*c. Suppose -2*s - 3 - 1 = -2*r, -4*s - 10 = -3*r. Calculate h(r).
-6
Let n(g) = g**2 - 7 + 3*g + g + 4 - 2*g**2. Let a(j) = 5*j - 1. Let q be a(1). What is n(q)?
-3
Suppose 0 = -17*t + 18*t + 9. Let u(q) = -q**3 - 8*q**2 + 11*q + 3. What is u(t)?
-15
Let b be ((-65)/(-10))/(1/2). Suppose -3*c + 2*c = -5*s + 10, 0 = 2*s + 3*c + b. Let q(h) = 10*h**2 - h. Give q(s).
9
Suppose 5*g - g + 20 = 0. Let b = g + 11. Let o(h) = -h**3 + 5*h**2 + 7*h - 2. Determine o(b).
4
Let p(o) = -o**3 + 4*o**2 + 6*o - 7. Suppose 2*l + 10 = 4*l. Give p(l).
-2
Let n(f) be the third derivative of -f**5/60 - 5*f**4/24 - f**3/2 + 13*f**2. Calculate n(-4).
1
Let k(i) = 2 - 214*i - 2 - 3 + 215*i. Calculate k(-5).
-8
Let d(s) = -s**2 - 6*s + 3. Let m(i) = -i**2 - 17*i - 34. Let j be m(-15). Give d(j).
11
Let d(b) be the second derivative of -b**5/10 - b**4/12 + b**2/2 - 34*b - 2. Determine d(1).
-2
Let o(a) = 5*a**3 + 4*a**2 + 5*a - 8. Suppose 4 = -2*z - 4. Let u(j) = j**3 + j**2 + j. Let l(i) = z*u(i) + o(i). Let c be (1/1 - 1)/(-2). What is l(c)?
-8
Let k(b) = -6*b**3 + 5*b**2 + 6*b + 6. Let r(v) = v**3 - 1. Let z(q) = -k(q) - 5*r(q). Give z(6).
-1
Let n(v) be the second derivative of -v**3/3 - v**2/2 - 32*v. What is n(-2)?
3
Let b(s) = 2*s**2 - 1. Let w = 8 + -7. Suppose 0*z - z = w. Determine b(z).
1
Let q(m) be the second derivative of m**4/12 + m**3 - 3*m**2 - 26*m. Calculate q(-6).
-6
Let y(i) be the first derivative of -i**2/2 + 1. Let f(w) = 5 + 0 - 2 - 4. Let r(d) = -f(d) - 5*y(d). Give r(1).
6
Let t(y) be the second derivative of 2*y**3/3 + y**2 + 10*y. Let c(w) = w - 8. Let j be c(6). Determine t(j).
-6
Let l = -11 - -17. Let h(y) = y - 1. Calculate h(l).
5
Let b(g) = g. Let t be (-8)/(-1)*(-7)/(-28). Determine b(t).
2
Suppose 5*g + 9 = 4*h - 4, -3*h = 2*g - 4. Suppose h*s - 10 = -0. Let l(u) = -u + 3. What is l(s)?
-2
Let n(i) = -4*i**2 + 6*i - 8. Let s(w) = 3*w**2 - 5*w + 7. Let h(j) = -5*n(j) - 6*s(j). What is h(-2)?
6
Let w(f) = f**2 + 1. Let d(h) = -h**3 - 4*h - 8. Let c(m) = -d(m) - 5*w(m). Give c(4).
3
Let x(q) be the second derivative of 5*q**4/6 + q**2/2 - 6*q. Give x(-1).
11
Let n(h) = h**2 + 12*h + 13. Let j = -27 + 16. Let q be n(j). Let b(g) = 1 - 2*g**2 - 2 + q. Give b(-1).
-1
Let t(n) = n + 1. Let h(f) = -f + 8. Let s(a) = h(a) + 2*t(a). Give s(-6).
4
Let s(y) = -2*y**3 - y**2 + 2*y - 2. Let q = 28 + -26. Calculate s(q).
-18
Let x(u) = u**3 + u**2 + 6*u - 4. Let l(w) = -5*w**3 - 3*w**2 - 25*w + 16. Let p(n) = 2*l(n) + 9*x(n). Give p(3).
8
Suppose -2 + 8 = 3*v. Let k(z